{"id":1724,"date":"2018-08-17T11:45:05","date_gmt":"2018-08-17T11:45:05","guid":{"rendered":"http:\/\/dummy.xtemos.com\/woodmart\/demos\/?page_id=1724"},"modified":"2024-04-29T14:52:29","modified_gmt":"2024-04-29T14:52:29","slug":"home-retail","status":"publish","type":"page","link":"https:\/\/www.floomagency.com\/hustle15\/home-retail\/","title":{"rendered":"Home Retail"},"content":{"rendered":"<div class=\"vc_row wpb_row vc_row-fluid vc_custom_1533813593149\"><div class=\"wpb_column vc_column_container vc_col-sm-12 vc_col-lg-5 vc_col-md-12\"><div class=\"vc_column-inner vc_custom_1533813532486\"><div class=\"wpb_wrapper\">\n\t<div  class=\"wpb_single_image wpb_content_element vc_align_center\">\n\t\t\n\t\t<figure class=\"wpb_wrapper vc_figure\">\n\t\t\t<div class=\"vc_single_image-wrapper   vc_box_border_grey\"><img loading=\"lazy\" decoding=\"async\" width=\"1823\" height=\"1366\" src=\"https:\/\/www.floomagency.com\/hustle15\/wp-content\/uploads\/2024\/04\/20240426_105840.jpg\" class=\"vc_single_image-img attachment-full\" alt=\"\" title=\"\" srcset=\"https:\/\/www.floomagency.com\/hustle15\/wp-content\/uploads\/2024\/04\/20240426_105840.jpg 1823w, https:\/\/www.floomagency.com\/hustle15\/wp-content\/uploads\/2024\/04\/20240426_105840-300x225.jpg 300w, https:\/\/www.floomagency.com\/hustle15\/wp-content\/uploads\/2024\/04\/20240426_105840-1024x767.jpg 1024w, https:\/\/www.floomagency.com\/hustle15\/wp-content\/uploads\/2024\/04\/20240426_105840-768x575.jpg 768w, https:\/\/www.floomagency.com\/hustle15\/wp-content\/uploads\/2024\/04\/20240426_105840-1536x1151.jpg 1536w\" sizes=\"auto, (max-width: 1823px) 100vw, 1823px\" \/><\/div>\n\t\t<\/figure>\n\t<\/div>\n<\/div><\/div><\/div><div class=\"wpb_column vc_column_container vc_col-sm-12 vc_col-lg-7 vc_col-md-12\"><div class=\"vc_column-inner vc_custom_1533826982227\"><div class=\"wpb_wrapper\">\t\t\n\t\t<div id=\"wd-65e50538b8a9f\" class=\"title-wrapper  woodmart-title-color-default woodmart-title-style-default woodmart-title-width-100 text-center woodmart-title-size-default \">\n\t\t\t\t\t\t\n\t\t\t<div class=\"liner-continer\">\n\t\t\t\t<span class=\"left-line\"><\/span>\n\t\t\t\t<h4 class=\"woodmart-title-container title  woodmart-font-weight-\" >Le Centre Acad\u00e9mie des Comp\u00e9tences et d\u2019Avenir (ACA)<\/h4>\t\t\t\t\t\t\t\t<span class=\"right-line\"><\/span>\n\t\t\t<\/div>\n\t\t\t\n\t\t\t\t\t\t\n\t\t\t\t\t<\/div>\n\t\t\n\t\t\n\t<div class=\"wpb_text_column wpb_content_element\" >\n\t\t<div class=\"wpb_wrapper\">\n\t\t\t<p>fruit d\u2019une collaboration entre ANASTRANS INTERNATIONAL et la GIZ, est d\u00e9di\u00e9 \u00e0 la mise en \u0153uvre de la Formation Professionnelle en Milieu du Travail (FPMT). G\u00e9r\u00e9 par ANASTRANS INTERNATIONAL, l\u2019ACA propose des formations de qualit\u00e9 en transport et logistique, en harmonie avec les besoins du march\u00e9 du travail. Fond\u00e9 en 2022 \u00e0 Agadir, l\u2019ACA se distingue comme un vecteur de services en formation professionnelle, coaching et conseil, privil\u00e9giant des approches p\u00e9dagogiques interactives et une formation en milieu du travail. Ses missions incluent la dispensation de formations continues et en alternance, l\u2019enrichissement des connaissances professionnelles et la proposition de programmes cibl\u00e9s. Ses objectifs sont d\u2019adopter une approche par comp\u00e9tences, de garantir une actualisation constante des comp\u00e9tences, de s\u2019aligner sur les progr\u00e8s technologiques et d\u2019am\u00e9liorer continuellement les m\u00e9thodes de travail.<\/p>\n\n\t\t<\/div>\n\t<\/div>\n<\/div><\/div><\/div><\/div><div class=\"vc_row wpb_row vc_row-fluid vc_custom_1709817218471\"><div class=\"wpb_column vc_column_container vc_col-sm-12\"><div class=\"vc_column-inner vc_custom_1492068938506\"><div class=\"wpb_wrapper\">\t\t\n\t\t<div id=\"wd-65e9be11492c1\" class=\"title-wrapper  woodmart-title-color-primary woodmart-title-style-bordered woodmart-title-width-100 text-center woodmart-title-size-default \">\n\t\t\t\t\t\t\t<div class=\"title-subtitle  font-default subtitle-style-default woodmart-font-weight-\">Anas transport and logistics formation<\/div>\n\t\t\t\t\t\t\n\t\t\t<div class=\"liner-continer\">\n\t\t\t\t<span class=\"left-line\"><\/span>\n\t\t\t\t<h4 class=\"woodmart-title-container title  woodmart-font-weight-\" ><strong>Formation en image <\/strong><\/h4>\t\t\t\t\t\t\t\t<span class=\"right-line\"><\/span>\n\t\t\t<\/div>\n\t\t\t\n\t\t\t\t\t\t\n\t\t\t\t\t<\/div>\n\t\t\n\t\t\t\t<div id=\"gallery_696\" class=\"woodmart-images-gallery view-carousel photoswipe-images woodmart-carousel-spacing-10 woodmart-carousel-container\" data-owl-carousel data-wrap=\"no\" data-hide_pagination_control=\"no\" data-hide_prev_next_buttons=\"no\" data-desktop=\"3\" data-tablet_landscape=\"3\" data-tablet=\"2\" data-mobile=\"1\">\n\t\t\t<div class=\"gallery-images owl-carousel owl-items-lg-3 owl-items-md-3 owl-items-sm-2 owl-items-xs-1\">\n\t\t\t\t\t\t\t\t\t\t\t\t\t\t\t<div class=\"woodmart-gallery-item\">\n\t\t\t\t\t\t\t\t\t\t\t\t\t\t<a href=\"https:\/\/www.floomagency.com\/hustle15\/wp-content\/uploads\/2024\/03\/WhatsApp-Image-2024-03-07-at-10.49.25-1.jpeg\" data-elementor-open-lightbox=\"no\" data-index=\"1\" data-width=\"1280\" data-height=\"960\"  >\n\t\t\t\t\t\t\t\t\t\t\t\t\t\t\t\t\n\t\t\t\t\t\t\t\t\t\t\t\t\t\t\t\t\t<img loading=\"lazy\" decoding=\"async\" class=\"woodmart-gallery-image image-1 \" src=\"https:\/\/www.floomagency.com\/hustle15\/wp-content\/uploads\/2024\/03\/WhatsApp-Image-2024-03-07-at-10.49.25-1-1000x800.jpeg\" width=\"1000\" height=\"800\" alt=\"\" title=\"\" \/>\t\t\t\t\t\t\t\t\t\t\t\t\t\t\t\t\n\t\t\t\t\t\t\t\t\n\t\t\t\t\t\t\t\t\t\t\t\t\t\t\t<\/a>\n\t\t\t\t\t\t\t\t\t\t\t\t<\/div>\n\t\t\t\t\t\t\t\t\t\t\t<div class=\"woodmart-gallery-item\">\n\t\t\t\t\t\t\t\t\t\t\t\t\t\t<a href=\"https:\/\/www.floomagency.com\/hustle15\/wp-content\/uploads\/2024\/03\/WhatsApp-Image-2024-03-07-at-10.17.39.jpeg\" data-elementor-open-lightbox=\"no\" data-index=\"2\" data-width=\"1280\" data-height=\"960\"  >\n\t\t\t\t\t\t\t\t\t\t\t\t\t\t\t\t\n\t\t\t\t\t\t\t\t\t\t\t\t\t\t\t\t\t<img loading=\"lazy\" decoding=\"async\" class=\"woodmart-gallery-image image-2 \" src=\"https:\/\/www.floomagency.com\/hustle15\/wp-content\/uploads\/2024\/03\/WhatsApp-Image-2024-03-07-at-10.17.39-1000x800.jpeg\" width=\"1000\" height=\"800\" alt=\"\" title=\"\" \/>\t\t\t\t\t\t\t\t\t\t\t\t\t\t\t\t\n\t\t\t\t\t\t\t\t\n\t\t\t\t\t\t\t\t\t\t\t\t\t\t\t<\/a>\n\t\t\t\t\t\t\t\t\t\t\t\t<\/div>\n\t\t\t\t\t\t\t\t\t\t\t<div class=\"woodmart-gallery-item\">\n\t\t\t\t\t\t\t\t\t\t\t\t\t\t<a href=\"https:\/\/www.floomagency.com\/hustle15\/wp-content\/uploads\/2024\/03\/WhatsApp-Image-2024-03-07-at-10.17.39-5.jpeg\" data-elementor-open-lightbox=\"no\" data-index=\"3\" data-width=\"1280\" data-height=\"960\"  >\n\t\t\t\t\t\t\t\t\t\t\t\t\t\t\t\t\n\t\t\t\t\t\t\t\t\t\t\t\t\t\t\t\t\t<img loading=\"lazy\" decoding=\"async\" class=\"woodmart-gallery-image image-3 \" src=\"https:\/\/www.floomagency.com\/hustle15\/wp-content\/uploads\/2024\/03\/WhatsApp-Image-2024-03-07-at-10.17.39-5-1000x800.jpeg\" width=\"1000\" height=\"800\" alt=\"\" title=\"\" \/>\t\t\t\t\t\t\t\t\t\t\t\t\t\t\t\t\n\t\t\t\t\t\t\t\t\n\t\t\t\t\t\t\t\t\t\t\t\t\t\t\t<\/a>\n\t\t\t\t\t\t\t\t\t\t\t\t<\/div>\n\t\t\t\t\t\t\t\t\t\t\t<div class=\"woodmart-gallery-item\">\n\t\t\t\t\t\t\t\t\t\t\t\t\t\t<a href=\"https:\/\/www.floomagency.com\/hustle15\/wp-content\/uploads\/2024\/03\/WhatsApp-Image-2024-03-07-at-10.17.39-4.jpeg\" data-elementor-open-lightbox=\"no\" data-index=\"4\" data-width=\"1280\" data-height=\"960\"  >\n\t\t\t\t\t\t\t\t\t\t\t\t\t\t\t\t\n\t\t\t\t\t\t\t\t\t\t\t\t\t\t\t\t\t<img loading=\"lazy\" decoding=\"async\" class=\"woodmart-gallery-image image-4 \" src=\"https:\/\/www.floomagency.com\/hustle15\/wp-content\/uploads\/2024\/03\/WhatsApp-Image-2024-03-07-at-10.17.39-4-1000x800.jpeg\" width=\"1000\" height=\"800\" alt=\"\" title=\"\" \/>\t\t\t\t\t\t\t\t\t\t\t\t\t\t\t\t\n\t\t\t\t\t\t\t\t\n\t\t\t\t\t\t\t\t\t\t\t\t\t\t\t<\/a>\n\t\t\t\t\t\t\t\t\t\t\t\t<\/div>\n\t\t\t\t\t\t\t\t\t\t\t<div class=\"woodmart-gallery-item\">\n\t\t\t\t\t\t\t\t\t\t\t\t\t\t<a href=\"https:\/\/www.floomagency.com\/hustle15\/wp-content\/uploads\/2024\/03\/WhatsApp-Image-2024-03-07-at-10.17.39-2.jpeg\" data-elementor-open-lightbox=\"no\" data-index=\"5\" data-width=\"1280\" data-height=\"960\"  >\n\t\t\t\t\t\t\t\t\t\t\t\t\t\t\t\t\n\t\t\t\t\t\t\t\t\t\t\t\t\t\t\t\t\t<img loading=\"lazy\" decoding=\"async\" class=\"woodmart-gallery-image image-5 \" src=\"https:\/\/www.floomagency.com\/hustle15\/wp-content\/uploads\/2024\/03\/WhatsApp-Image-2024-03-07-at-10.17.39-2-1000x800.jpeg\" width=\"1000\" height=\"800\" alt=\"\" title=\"\" \/>\t\t\t\t\t\t\t\t\t\t\t\t\t\t\t\t\n\t\t\t\t\t\t\t\t\n\t\t\t\t\t\t\t\t\t\t\t\t\t\t\t<\/a>\n\t\t\t\t\t\t\t\t\t\t\t\t<\/div>\n\t\t\t\t\t\t\t\t\t\t\t<div class=\"woodmart-gallery-item\">\n\t\t\t\t\t\t\t\t\t\t\t\t\t\t<a href=\"https:\/\/www.floomagency.com\/hustle15\/wp-content\/uploads\/2024\/04\/20240426_105840.jpg\" data-elementor-open-lightbox=\"no\" data-index=\"6\" data-width=\"1823\" data-height=\"1366\"  >\n\t\t\t\t\t\t\t\t\t\t\t\t\t\t\t\t\n\t\t\t\t\t\t\t\t\t\t\t\t\t\t\t\t\t<img loading=\"lazy\" decoding=\"async\" class=\"woodmart-gallery-image image-6 \" src=\"https:\/\/www.floomagency.com\/hustle15\/wp-content\/uploads\/2024\/04\/20240426_105840-1000x800.jpg\" width=\"1000\" height=\"800\" alt=\"\" title=\"\" \/>\t\t\t\t\t\t\t\t\t\t\t\t\t\t\t\t\n\t\t\t\t\t\t\t\t\n\t\t\t\t\t\t\t\t\t\t\t\t\t\t\t<\/a>\n\t\t\t\t\t\t\t\t\t\t\t\t<\/div>\n\t\t\t\t\t\t\t\t\t\t\t<div class=\"woodmart-gallery-item\">\n\t\t\t\t\t\t\t\t\t\t\t\t\t\t<a href=\"https:\/\/www.floomagency.com\/hustle15\/wp-content\/uploads\/2024\/03\/WhatsApp-Image-2024-03-07-at-10.17.38.jpeg\" data-elementor-open-lightbox=\"no\" data-index=\"7\" data-width=\"1280\" data-height=\"960\"  >\n\t\t\t\t\t\t\t\t\t\t\t\t\t\t\t\t\n\t\t\t\t\t\t\t\t\t\t\t\t\t\t\t\t\t<img loading=\"lazy\" decoding=\"async\" class=\"woodmart-gallery-image image-7 \" src=\"https:\/\/www.floomagency.com\/hustle15\/wp-content\/uploads\/2024\/03\/WhatsApp-Image-2024-03-07-at-10.17.38-1000x800.jpeg\" width=\"1000\" height=\"800\" alt=\"\" title=\"\" \/>\t\t\t\t\t\t\t\t\t\t\t\t\t\t\t\t\n\t\t\t\t\t\t\t\t\n\t\t\t\t\t\t\t\t\t\t\t\t\t\t\t<\/a>\n\t\t\t\t\t\t\t\t\t\t\t\t<\/div>\n\t\t\t\t\t\t\t\t\t\t\t<div class=\"woodmart-gallery-item\">\n\t\t\t\t\t\t\t\t\t\t\t\t\t\t<a href=\"https:\/\/www.floomagency.com\/hustle15\/wp-content\/uploads\/2024\/04\/20240426_094703.jpg\" data-elementor-open-lightbox=\"no\" data-index=\"8\" data-width=\"1703\" data-height=\"1277\"  >\n\t\t\t\t\t\t\t\t\t\t\t\t\t\t\t\t\n\t\t\t\t\t\t\t\t\t\t\t\t\t\t\t\t\t<img loading=\"lazy\" decoding=\"async\" class=\"woodmart-gallery-image image-8 \" src=\"https:\/\/www.floomagency.com\/hustle15\/wp-content\/uploads\/2024\/04\/20240426_094703-1000x800.jpg\" width=\"1000\" height=\"800\" alt=\"\" title=\"\" \/>\t\t\t\t\t\t\t\t\t\t\t\t\t\t\t\t\n\t\t\t\t\t\t\t\t\n\t\t\t\t\t\t\t\t\t\t\t\t\t\t\t<\/a>\n\t\t\t\t\t\t\t\t\t\t\t\t<\/div>\n\t\t\t\t\t\t\t\t\t\t\t\t<\/div>\n\t\t<\/div>\n\t\t\t\t<\/div><\/div><\/div><\/div><div class=\"vc_row wpb_row vc_row-fluid vc_custom_1711036144555\"><div class=\"wpb_column vc_column_container vc_col-sm-12\"><div class=\"vc_column-inner\"><div class=\"wpb_wrapper\">\t\t\n\t\t<div id=\"wd-65fc66645e769\" class=\"title-wrapper  woodmart-title-color-default woodmart-title-style-bordered woodmart-title-width-100 text-center woodmart-title-size-large \">\n\t\t\t\t\t\t\n\t\t\t<div class=\"liner-continer\">\n\t\t\t\t<span class=\"left-line\"><\/span>\n\t\t\t\t<h4 class=\"woodmart-title-container title  woodmart-font-weight-\" >R\u00e9f\u00e9rences partenaires<\/h4>\t\t\t\t\t\t\t\t<span class=\"right-line\"><\/span>\n\t\t\t<\/div>\n\t\t\t\n\t\t\t\t\t\t\n\t\t\t\t\t<\/div>\n\t\t\n\t\t\t\t<div id=\"gallery_512\" class=\"woodmart-images-gallery view-carousel photoswipe-images woodmart-carousel-spacing-0 woodmart-carousel-container\" data-owl-carousel data-speed=\"2500\" data-wrap=\"yes\" data-autoplay=\"yes\" data-hide_pagination_control=\"yes\" data-hide_prev_next_buttons=\"yes\" data-desktop=\"4\" data-tablet_landscape=\"4\" data-tablet=\"3\" data-mobile=\"1\">\n\t\t\t<div class=\"gallery-images owl-carousel owl-items-lg-4 owl-items-md-4 owl-items-sm-3 owl-items-xs-1\">\n\t\t\t\t\t\t\t\t\t\t\t\t\t\t\t<div class=\"woodmart-gallery-item\">\n\t\t\t\t\t\t\t\t\t\t\t\t\t\t<a href=\"https:\/\/www.floomagency.com\/hustle15\/wp-content\/uploads\/2024\/03\/1.jpg\" data-elementor-open-lightbox=\"no\" data-index=\"1\" data-width=\"460\" data-height=\"305\"  >\n\t\t\t\t\t\t\t\t\t\t\t\t\t\t\t\t\n\t\t\t\t\t\t\t\t\t\t\t\t\t\t\t\t\t<img loading=\"lazy\" decoding=\"async\" width=\"460\" height=\"305\" src=\"https:\/\/www.floomagency.com\/hustle15\/wp-content\/uploads\/2024\/03\/1.jpg\" class=\"woodmart-gallery-image image-1 attachment-full\" alt=\"\" title=\"\" srcset=\"https:\/\/www.floomagency.com\/hustle15\/wp-content\/uploads\/2024\/03\/1.jpg 460w, https:\/\/www.floomagency.com\/hustle15\/wp-content\/uploads\/2024\/03\/1-300x199.jpg 300w\" sizes=\"auto, (max-width: 460px) 100vw, 460px\" \/>\t\t\t\t\t\t\t\t\t\t\t\t\t\t\t\t\n\t\t\t\t\t\t\t\t\n\t\t\t\t\t\t\t\t\t\t\t\t\t\t\t<\/a>\n\t\t\t\t\t\t\t\t\t\t\t\t<\/div>\n\t\t\t\t\t\t\t\t\t\t\t<div class=\"woodmart-gallery-item\">\n\t\t\t\t\t\t\t\t\t\t\t\t\t\t<a href=\"https:\/\/www.floomagency.com\/hustle15\/wp-content\/uploads\/2024\/03\/2.jpg\" data-elementor-open-lightbox=\"no\" data-index=\"2\" data-width=\"460\" data-height=\"305\"  >\n\t\t\t\t\t\t\t\t\t\t\t\t\t\t\t\t\n\t\t\t\t\t\t\t\t\t\t\t\t\t\t\t\t\t<img loading=\"lazy\" decoding=\"async\" width=\"460\" height=\"305\" src=\"https:\/\/www.floomagency.com\/hustle15\/wp-content\/uploads\/2024\/03\/2.jpg\" class=\"woodmart-gallery-image image-2 attachment-full\" alt=\"\" title=\"2\" srcset=\"https:\/\/www.floomagency.com\/hustle15\/wp-content\/uploads\/2024\/03\/2.jpg 460w, https:\/\/www.floomagency.com\/hustle15\/wp-content\/uploads\/2024\/03\/2-300x199.jpg 300w\" sizes=\"auto, (max-width: 460px) 100vw, 460px\" \/>\t\t\t\t\t\t\t\t\t\t\t\t\t\t\t\t\n\t\t\t\t\t\t\t\t\n\t\t\t\t\t\t\t\t\t\t\t\t\t\t\t<\/a>\n\t\t\t\t\t\t\t\t\t\t\t\t<\/div>\n\t\t\t\t\t\t\t\t\t\t\t<div class=\"woodmart-gallery-item\">\n\t\t\t\t\t\t\t\t\t\t\t\t\t\t<a href=\"https:\/\/www.floomagency.com\/hustle15\/wp-content\/uploads\/2024\/03\/3.jpg\" data-elementor-open-lightbox=\"no\" data-index=\"3\" data-width=\"460\" data-height=\"305\"  >\n\t\t\t\t\t\t\t\t\t\t\t\t\t\t\t\t\n\t\t\t\t\t\t\t\t\t\t\t\t\t\t\t\t\t<img loading=\"lazy\" decoding=\"async\" width=\"460\" height=\"305\" src=\"https:\/\/www.floomagency.com\/hustle15\/wp-content\/uploads\/2024\/03\/3.jpg\" class=\"woodmart-gallery-image image-3 attachment-full\" alt=\"\" title=\"\" srcset=\"https:\/\/www.floomagency.com\/hustle15\/wp-content\/uploads\/2024\/03\/3.jpg 460w, https:\/\/www.floomagency.com\/hustle15\/wp-content\/uploads\/2024\/03\/3-300x199.jpg 300w\" sizes=\"auto, (max-width: 460px) 100vw, 460px\" \/>\t\t\t\t\t\t\t\t\t\t\t\t\t\t\t\t\n\t\t\t\t\t\t\t\t\n\t\t\t\t\t\t\t\t\t\t\t\t\t\t\t<\/a>\n\t\t\t\t\t\t\t\t\t\t\t\t<\/div>\n\t\t\t\t\t\t\t\t\t\t\t<div class=\"woodmart-gallery-item\">\n\t\t\t\t\t\t\t\t\t\t\t\t\t\t<a href=\"https:\/\/www.floomagency.com\/hustle15\/wp-content\/uploads\/2024\/03\/4.jpg\" data-elementor-open-lightbox=\"no\" data-index=\"4\" data-width=\"460\" data-height=\"305\"  >\n\t\t\t\t\t\t\t\t\t\t\t\t\t\t\t\t\n\t\t\t\t\t\t\t\t\t\t\t\t\t\t\t\t\t<img loading=\"lazy\" decoding=\"async\" width=\"460\" height=\"305\" src=\"https:\/\/www.floomagency.com\/hustle15\/wp-content\/uploads\/2024\/03\/4.jpg\" class=\"woodmart-gallery-image image-4 attachment-full\" alt=\"\" title=\"\" srcset=\"https:\/\/www.floomagency.com\/hustle15\/wp-content\/uploads\/2024\/03\/4.jpg 460w, https:\/\/www.floomagency.com\/hustle15\/wp-content\/uploads\/2024\/03\/4-300x199.jpg 300w\" sizes=\"auto, (max-width: 460px) 100vw, 460px\" \/>\t\t\t\t\t\t\t\t\t\t\t\t\t\t\t\t\n\t\t\t\t\t\t\t\t\n\t\t\t\t\t\t\t\t\t\t\t\t\t\t\t<\/a>\n\t\t\t\t\t\t\t\t\t\t\t\t<\/div>\n\t\t\t\t\t\t\t\t\t\t\t\t<\/div>\n\t\t<\/div>\n\t\t\t\t<\/div><\/div><\/div><\/div>\n","protected":false},"excerpt":{"rendered":"Le Centre Acad\u00e9mie des Comp\u00e9tences et d\u2019Avenir (ACA) fruit d\u2019une collaboration entre ANASTRANS INTERNATIONAL et la GIZ, est d\u00e9di\u00e9 \u00e0","protected":false},"author":1,"featured_media":0,"parent":0,"menu_order":0,"comment_status":"closed","ping_status":"closed","template":"","meta":{"footnotes":""},"class_list":["post-1724","page","type-page","status-publish","hentry"],"_links":{"self":[{"href":"https:\/\/www.floomagency.com\/hustle15\/wp-json\/wp\/v2\/pages\/1724","targetHints":{"allow":["GET"]}}],"collection":[{"href":"https:\/\/www.floomagency.com\/hustle15\/wp-json\/wp\/v2\/pages"}],"about":[{"href":"https:\/\/www.floomagency.com\/hustle15\/wp-json\/wp\/v2\/types\/page"}],"author":[{"embeddable":true,"href":"https:\/\/www.floomagency.com\/hustle15\/wp-json\/wp\/v2\/users\/1"}],"replies":[{"embeddable":true,"href":"https:\/\/www.floomagency.com\/hustle15\/wp-json\/wp\/v2\/comments?post=1724"}],"version-history":[{"count":10,"href":"https:\/\/www.floomagency.com\/hustle15\/wp-json\/wp\/v2\/pages\/1724\/revisions"}],"predecessor-version":[{"id":7905,"href":"https:\/\/www.floomagency.com\/hustle15\/wp-json\/wp\/v2\/pages\/1724\/revisions\/7905"}],"wp:attachment":[{"href":"https:\/\/www.floomagency.com\/hustle15\/wp-json\/wp\/v2\/media?parent=1724"}],"curies":[{"name":"wp","href":"https:\/\/api.w.org\/{rel}","templated":true}]}}